lculate the remainder when 43 is divided by h.
10
Let n be 3/2*16/6. Suppose -26 = 2*o - b, -b + 20 - 78 = n*o. Let h = o - -38. Calculate the remainder when h is divided by 13.
11
Let o = -20 - -23. Suppose 104 + 7 = 3*a - 3*p, 4*p - 180 = -4*a. What is the remainder when a is divided by (8 - (-2 - -2)) + o?
8
Let c be -1*8/2 - -4. Suppose c = -2*k + 8 - 0. Suppose 3*t - 2 - k = 0. What is the remainder when 4 is divided by t?
0
Let m(j) = -22*j**3 + j**2 - j - 4. Suppose 17 - 13 = -2*l. Let v be m(l). Let w = -99 + v. Calculate the remainder when w is divided by 27.
25
Calculate the remainder when (-8)/(-17 + 9)*(-2 + 139) is divided by 46.
45
What is the remainder when 31 is divided by -6 + -5*(-132)/30?
15
Let x(o) = -o**2 - 4*o + 4. Let l be x(-5). Let b = l + 6. What is the remainder when 16 is divided by b?
1
Suppose 0 = -2*i + 7*i - 295. Suppose -5*d - 3*k = -42, 84 = 5*d + 132*k - 136*k. Calculate the remainder when i is divided by d.
11
What is the remainder when -2 + 28/12 + (-518)/(-21) is divided by 10?
5
Let y = -550 - -589. What is the remainder when 145 is divided by y?
28
Suppose 11*b - 2 = 10*b. Let h(f) = 16*f + 3. Calculate the remainder when 174 is divided by h(b).
34
Let l = 13 + -19. Let x = l - -19. Let v(a) = -4*a + 9. What is the remainder when v(-10) is divided by x?
10
Let u(y) = y**3 + 7*y**2 + y + 4. Let d(s) = -59*s - 101. What is the remainder when d(-4) is divided by u(-6)?
33
Suppose -78*a - 24 = -82*a. Calculate the remainder when a is divided by 4.
2
Let k be -2*24/(-9) - (-2)/(-6). Suppose -3*c + k*c = 16. What is the remainder when 22 is divided by c?
6
Suppose -75 = -3*x - 2*x. Let u(d) be the second derivative of d**3/6 + 21*d**2 + 2*d. What is the remainder when u(0) is divided by x?
12
Let x = 36 + -30. Let j(n) = 3*n**2 - 2*n. What is the remainder when j(-2) is divided by x/(-9)*54/(-4)?
7
Suppose 0 = 3*g - r + 373, -5*r = -g - 100 - 15. Let f = g - -169. What is the remainder when 87 is divided by f?
43
Let j(y) = 5*y - 7. Let f be j(6). Let b = f + -11. What is the remainder when (-30)/4*(558/310)/((-9)/30) is divided by b?
9
Let c(w) = w**3 - 4*w**2 - 5*w + 5. Suppose 19 = 4*q - 5. Let t = 7 + q. Calculate the remainder when t is divided by c(5).
3
Let m be 3*(-20)/(-15) - 5. What is the remainder when 57 is divided by (-2 + 1)/(m/15)?
12
Suppose 3*r + 2*r - 25 = 0. Suppose 0 = n - 4*n + 2*s - 10, 0 = -5*n - s + 5. Suppose n = -5*f + 44 + 1. Calculate the remainder when f is divided by r.
4
Let o(z) = 24*z - 1. Let l = -7 + -8. Calculate the remainder when o(1) is divided by 1 + 1 - (l + 4).
10
Let s = 45 + -11. Suppose -4*c = -274 - s. Calculate the remainder when c is divided by (3 + (-28)/16)*(15 + 1).
17
Let v(y) = -y**3 - 16*y**2 - 12*y + 54. What is the remainder when v(-15) is divided by 6/(-4)*1*-2?
0
Suppose -u = 3*d - 4, 5*d - 4*u + 9 + 7 = 0. Suppose -h - h - g - 1 = d, -2*h + g + 9 = 0. What is the remainder when 2 is divided by h?
0
Suppose 408 = 16*y - 40. What is the remainder when 54 is divided by y?
26
Suppose -2 = -2*j + 2. Suppose 0 = -j*m + 60 - 24. Calculate the remainder when m is divided by 11.
7
Suppose -4*o - 46 = -7*m + 6*m, 3*m - 3*o - 138 = 0. Calculate the remainder when m is divided by 8.
6
Let l(w) = 2*w**3 - 11*w**2 + 4*w + 6. Suppose b + z = -13, -4*b + 3*z = z + 46. Let d = -8 - b. What is the remainder when d is divided by l(5)?
0
Let g = -194 - -217. What is the remainder when 88 is divided by g?
19
Suppose -2*m - 6*g = -2*g - 18, -4*g = -2*m + 2. Suppose -62 - 49 = -4*p - m*y, 0 = -2*p - 5*y + 43. Calculate the remainder when p is divided by 18.
16
Let i be (5 - 4) + -3 + -1 - -6. Suppose m + 31 = 6*m + f, -f = i*m - 19. Calculate the remainder when 12 + -1 + 1/(-1) is divided by m.
4
Let d be ((-35)/(-10))/(1/42) + -3. Suppose 5*u - d = -24. Calculate the remainder when 118 is divided by u.
22
Let j(x) = 6 - 2 + 6*x**2 - x**2 + x**3 - 5 + 4*x. What is the remainder when 23 is divided by j(-3)?
3
Suppose 3 = -4*q + 15. Suppose 0 = -q*l - 5*a + 164, -2*l + 5*a = -47 - 29. Calculate the remainder when l is divided by 17.
14
Suppose 4*r + 30 = 3*j, -3*j + j - 5*r = -20. Let g = -3 + j. Suppose -2*n = -g*n + 85. Calculate the remainder when 31 is divided by n.
14
Let r(a) = 4*a**2 + a - 17. Suppose 3*c = -2*c - 4*g - 41, 4*g = -16. What is the remainder when r(c) is divided by 16?
14
What is the remainder when (24/5)/((-133)/140 - -1) is divided by 51?
45
Let z be (0 - 1)/((-7)/(-14)). Let x be (-49)/z + 3/2. Suppose -2*k + 28 = u + u, u + 5*k - x = 0. Calculate the remainder when u is divided by 6.
5
Let c(z) = -134*z - 877. What is the remainder when 415 is divided by c(-7)?
49
Let x be -202 + -6 + 6/3. Let l = x - -342. Calculate the remainder when l is divided by 35.
31
Let a = -234 + 300. Calculate the remainder when 197 is divided by a.
65
Suppose -s - 2*j = -40, 2*s + 0*s = j + 55. Calculate the remainder when 143 is divided by s.
23
Suppose 0 = -7*a + 2*a + 20. Suppose a*l = 3*l + 33. Suppose l = 2*b - z + 6*z, -4 = -4*z. Calculate the remainder when b is divided by 4.
2
What is the remainder when 249 is divided by 4/60*6*(101 - -4)?
39
Suppose -z = 4*j - 12, -3*j - 3 = 2*z - 27. Calculate the remainder when 356 is divided by z.
8
Let o(n) = 5*n**3 - 9*n**2 + 8*n + 5. Let v(y) = 4*y**3 - 9*y**2 + 8*y + 4. Let r(h) = -5*o(h) + 6*v(h). What is the remainder when r(-10) is divided by 4?
3
Let v(u) = -u - 1. Let k(g) = g - 2. Let x(l) = -3*k(l) - 6*v(l). Let f be x(-5). Calculate the remainder when (-1)/1*f + 9 is divided by 7.
5
Suppose -795 = -3*a - 3*y, 8*a - 1053 = 4*a + 3*y. What is the remainder when a is divided by 69?
57
Let w(j) = 52*j**2 + 2*j + 3. Calculate the remainder when w(2) is divided by 20.
15
Let t be (2 - (-3 + 4)) + 37. Suppose -5*n - 5*l + t = -2, -l = 3*n - 26. What is the remainder when 24 is divided by n?
6
Let v be 1*12/(-8) + (-143)/(-22). Let s(i) = 0*i - 4*i - i - 4*i**2 + 7 + i**3. Calculate the remainder when 26 is divided by s(v).
5
Let o(z) = 6*z + 75. Let c(q) = 3*q + 38. Let s(k) = 11*c(k) - 6*o(k). What is the remainder when 17 is divided by s(-14)?
7
Suppose 0 = -6*y + 8*y + 62. Let d = 52 + y. Calculate the remainder when 146 is divided by d.
20
Suppose -3*d = -4*d + 39. What is the remainder when d is divided by 22?
17
Let i(t) = -t**3 - 7*t**2 - 9*t + 9. Let r be i(-5). Suppose 282 = 5*a + 2*o, r*a + 2*o + 104 = 330. What is the remainder when a is divided by 19?
18
Let v = 15 - -42. Let z = 63 - v. What is the remainder when 12 is divided by z?
0
Suppose 52 - 14 = 2*l. Let y(x) = -x**3 + 30*x**2 - 27*x - 22. Calculate the remainder when y(29) is divided by l.
17
Suppose 0 = 4*g - 177 - 267. Suppose 3*n = -2*l + 62, 6 = -n + 4*n. What is the remainder when g is divided by l?
27
Let u(g) = g**3 - g**2 - g - 9. Let l be u(0). Let w(i) = -i**2 - 12*i. Suppose 6*r - r - 535 = 0. Calculate the remainder when r is divided by w(l).
26
Let f(o) = o**2 - 9*o + 2. Let i be f(8). Calculate the remainder when (18/(-14))/((-3)/105) is divided by (-70)/i + 2/6.
9
Let h = 292 - 207. What is the remainder when h is divided by 23?
16
Suppose -261 = 9*r + 18. Let d = 99 + r. Calculate the remainder when d is divided by 35.
33
Let b(c) = c**2 - 6*c - 6. Suppose -d - 4*d - 37 = -2*z, 61 = 5*z - 2*d. Calculate the remainder when b(z) is divided by -1 + -1 + (27 - 0).
24
Suppose 205*s = 184*s + 8862. What is the remainder when s is divided by 25?
22
Suppose 25*r = -425 + 1500. What is the remainder when 470 is divided by r?
40
Calculate the remainder when 26 is divided by 117/45 + (-6)/15*-1.
2
Let d(k) = k**3 - 11*k**2 + 12*k - 20. Let a be d(10). Let x = 103 - 65. Suppose -v - v + x = a. Calculate the remainder when 73 is divided by v.
16
Calculate the remainder when 238 is divided by 15/(((-5)/(-10))/1).
28
Let o = 15 + 2. Calculate the remainder when -1 - 1 - (-33)/(-11) - -104 is divided by o.
14
Let n(q) = -q**2 + 2*q - 5*q + 3 + 13*q. Suppose -3*h + 50 = 5*a, -5*h + 2*a = -0*a - 42. Calculate the remainder when 9 is divided by n(h).
0
Let f = 91 - 83. Calculate the remainder when 207 is divided by f.
7
What is the remainder when 72 is divided by (33/44)/((-3)/(-76))?
15
Suppose -2*g = 5*o - 1853, -18*g + 12 = -15*g. What is the re